x - 125 = 0. Suppose 3*z - t = 1. What is the tens digit of z?
1
Let l be ((-4)/(-6))/((-2)/(-36)). Let o = l + 0. What is the units digit of o?
2
Let o(k) = 2*k**2 + 7*k - 7. What is the hundreds digit of o(-14)?
2
Let k be ((-38)/3)/((-14)/(-21)). Let y = k - -42. What is the units digit of y?
3
Suppose 0 = -3*i + 7*i - 272. What is the units digit of i?
8
Let m = 37 - 25. What is the tens digit of (-15)/(-10)*(m - -2)?
2
Suppose 5*l - 14941 = 3*k, 5*l = -5*k + k - 19863. What is the units digit of (-4)/30 - k/165?
0
Suppose 5*w = -3*u + 20, 4*w + u - 10 = -w. Let j be -1 - 1*(w + -38). Let c = j + -24. What is the tens digit of c?
1
Let p be 69 + (0 + 3 - 6). What is the tens digit of (p/(-18))/((-2)/6)?
1
Let x(w) = 2*w**3 - 6*w**2 - 6*w - 2. Let p be x(5). Suppose 0 = -f - f + p. Suppose d + 8 = 2*d - q, 5*d - f = -q. What is the units digit of d?
7
Let t(j) be the first derivative of j**2 - 9*j + 3. Let n be t(7). Let s(g) = 2*g. What is the tens digit of s(n)?
1
What is the tens digit of ((-5)/15*-3)/((-3)/(-51))?
1
Suppose -s = 2 - 0. Let t be 23*-2 + s/1. Let f = t - -68. What is the tens digit of f?
2
Let p be 4/18 - (-104)/18. What is the units digit of -3 + 9*8/p?
9
Let m = 4 + -6. What is the units digit of m/6*0 - -2?
2
Let o = 49 + -22. Suppose 4*i - 50 = -5*k, 3*k + 2*i + i = o. What is the units digit of k?
4
Let d be -2 - -2 - (-2 + 2). Suppose d = 3*j, -j - j + 39 = 3*b. What is the units digit of b?
3
Let h(v) = 9*v**2 - 5*v - 30. What is the hundreds digit of h(7)?
3
Suppose x = 7*x. What is the units digit of -4 - (-40 - (x - 2))?
4
Let n be (-1 - -2) + (-12)/4. Let h(b) = 4*b**2 - 2*b + 1. What is the units digit of h(n)?
1
What is the units digit of ((-9)/(-18))/(1/158)?
9
Suppose -x + 6 = -0*x. What is the units digit of x?
6
What is the tens digit of 1/4 - 835/(-20)?
4
Suppose -185 + 521 = 4*a. What is the tens digit of a?
8
Suppose -4*r = -4 - 8. Let h(v) = v**3 - 5*v**2 - 2*v + 8. Let i be h(6). Suppose r*x - i = -x. What is the units digit of x?
8
Let t(y) = -3*y - 16. What is the tens digit of t(-10)?
1
Suppose -3*k - 27 = 2*b, 2*b - 1 = 5*k + 12. Let j = b + 10. What is the units digit of j?
4
Let r(p) = -p - 1. Let v be r(-4). Suppose 4*s + 8 = -5*t + 6*t, 2*t - v*s - 21 = 0. What is the units digit of t?
2
Let z = 6 - 7. Let k be 72/10 + z/5. Suppose h - y - k = 0, -2*h - 2 = 2*y - 8. What is the units digit of h?
5
Let d be (-2 + (-167)/(-3))*3. Let i = d + -419. What is the units digit of (-4)/(-22) + i/(-33)?
8
Suppose -7*t + 32 = -6*t. What is the units digit of t?
2
Let q be (1/2)/((-3)/12). Let z = q - -20. Suppose 0 = -4*d + 2 + z. What is the units digit of d?
5
Suppose -2*b + 24 = 4*w - 6*b, -2*w + 3*b + 7 = 0. What is the units digit of w?
1
Let m = 5 + 0. Suppose 4*l - m*j = 3*l + 23, 5*l + 5*j = 55. What is the units digit of l?
3
Suppose 0 = -2*z + 3*z + 3*k - 97, -2*z + 3*k + 221 = 0. Let t = z - 55. What is the tens digit of t?
5
Let f be (2 - 32)*(-18)/15. Suppose -f = 2*w + 2*w. What is the units digit of 16/(-72) - 65/w?
7
Suppose -6 = d - 4. Let j be 10/2*(d + 3). Let r(g) = 2*g + 1. What is the units digit of r(j)?
1
Let c(t) = 20*t**2 + 3*t + 8. What is the units digit of c(-4)?
6
Let l(c) = c + 2. Let o be l(0). Suppose 0 = 4*b + o*i + 20, 0 + 4 = -3*b + 4*i. What is the tens digit of (-1)/b - (-435)/20?
2
Suppose 3*r - 86 = -11. What is the units digit of r?
5
Let l = 2 - -3. Suppose 6*c - 45 = -3*f + 2*c, 0 = -l*f - 4*c + 67. Suppose 0 = -2*z + f + 11. What is the units digit of z?
1
Let r(k) = k**2 - 10*k - 3. Let p be r(11). Suppose 15 = -3*u, -2*u = 4*b - 2*b + p. What is the units digit of b?
1
Let g(j) be the first derivative of 3*j**4/4 - j**3 + 3*j**2/2 - 2*j + 4. What is the units digit of g(2)?
6
Suppose -3*c + h = -163 + 33, -5*h = -c + 34. What is the tens digit of c?
4
Let p(q) = -q**2 - q + 17. Let k(v) = -v**2 - 11*v. Let x be k(-11). What is the units digit of p(x)?
7
Suppose v - 3*v = -116. Suppose 3*p = 4*s + v, -2*p - 3*s + 50 = -0*p. Suppose 72 = 5*o + p. What is the units digit of o?
0
Let j(c) = -2*c**3 - 4*c**2 - 2*c + 2. Let z be j(-2). Let o = 6 + z. What is the units digit of o?
2
Let x(s) = 33*s - 28. What is the units digit of x(5)?
7
Let c = 127 - 76. What is the units digit of c?
1
Let v = -14 - -8. Let i = -29 + 18. Let t = v - i. What is the units digit of t?
5
Let f = -49 - -77. What is the tens digit of f?
2
Suppose -7 = -k + 21. Suppose 2*n = 3*f - k, 6*n + 43 = 3*f + n. What is the units digit of f?
6
Let f(c) = c**3 + 8*c**2 - c - 1. Suppose -24 = -0*m + 3*m. Let u be f(m). Suppose 0 = -l + u + 1. What is the units digit of l?
8
Let x = -6 + 2. Let a be (-8)/x + (-2)/1. Suppose -36 = -4*j - a. What is the units digit of j?
9
What is the hundreds digit of -4 - (-163)/1 - 4?
1
Suppose -3*v = 3*f - 7*v + 11, 0 = v + 4. Let p = -17 - f. What is the units digit of (18/p)/(9/(-24))?
6
Let u be 61 + (1 - (-2 - -4)). What is the tens digit of (u/(-18))/(3/(-27))?
3
Let c be (-11)/(-2) - 5/10. Suppose 3*y = c + 1. What is the units digit of y?
2
Suppose -112 = -b - 3*j, j = -b + 2*j + 132. What is the units digit of b?
7
Let b(h) = -7*h + 4*h**2 - 6 + h**3 - 3 + 3. Let j be ((-10)/4)/(4/8). What is the units digit of b(j)?
4
Let g be 6 + (-1)/(3 - 2). Suppose -2*s + 10 = 4*c, 10*c = 3*s + g*c - 26. What is the units digit of s?
7
Suppose 0 = -4*k - 2*o + 34, 0*k - 4*k = 3*o - 35. Let t(x) = -4 + x**3 + 2 + k*x**2 - 3*x + 9*x. What is the units digit of t(-7)?
5
Suppose 2*k - 3*k - 9 = -3*x, -5*x + 35 = 5*k. Suppose x - 14 = -5*m. What is the units digit of m?
2
Suppose -y = -5*x + 848, -3*y + 181 = 3*x - 317. What is the tens digit of x?
6
Suppose 3*a - i + 1 = -4, -5*a = -3*i + 11. Let b = a - -3. Suppose -m - 11 = -4*t - 4, 2*m = -b*t + 16. What is the units digit of m?
5
Let j(r) = -r**3 + 6*r**2 + 4*r + 1. Let s be j(6). Suppose -4*d + s = 9. Suppose -5 + 1 = -d*p. What is the units digit of p?
1
Suppose p - 37 = 3*w, 0 = 2*p - 0*p + 5*w - 85. What is the units digit of p?
0
Let j(k) = -k**3 - 7*k**2 - 3*k - 2. Let s be j(-7). Suppose 4*d - 3 = 1. Suppose 5*r - 21 = y, d = 5*y - s. What is the units digit of r?
5
Suppose -10*o + 12*o = 546. What is the units digit of o?
3
Suppose -12 = -2*o - 2*o. Suppose 5*h = -5*r + 190, r + 121 - 11 = o*h. What is the tens digit of h?
3
Let c = 16 + -6. Suppose 2*a - 13 - 11 = 0. What is the units digit of 5*(a/c + -1)?
1
Let n = -22 + 27. What is the units digit of n?
5
Let r(c) be the first derivative of c**2/2 + 2*c + 3. What is the tens digit of r(9)?
1
Let y(o) = 4*o + 7. What is the tens digit of y(8)?
3
Let r(c) = -c**3 + 12*c**2 - 17*c + 2. What is the hundreds digit of r(7)?
1
Suppose 0 = -2*j + 6*j - 8, 0 = 5*y - 2*j - 286. What is the units digit of y?
8
Let l be (6/4)/((-4)/(-24)). Let m(p) = 2*p + 5. What is the tens digit of m(l)?
2
Suppose -j - 5*c - 20 = 0, j + 5 = 4*c - 6*c. Suppose -j*t + 94 = -6. What is the tens digit of t?
2
Suppose 4 = -3*d + d. Let n = 14 - d. What is the units digit of n?
6
Let t = 10 - 18. What is the tens digit of t/12 + 70/6?
1
Let j(w) = w**3 - 15*w**2 + w - 1. Let x be j(15). Let r = x - 12. What is the units digit of r?
2
Let w(b) = -3 - 4*b**2 + 6*b**3 - b**2 - 5*b**3 + 3*b. What is the units digit of w(5)?
2
Let h = -2 - -26. What is the units digit of h?
4
What is the tens digit of 4/(159/51 + -3)?
3
Suppose -5*t - 4 = -4*t, 0 = 3*u + t - 17. What is the units digit of u?
7
What is the hundreds digit of 2*-766*6/(-24)?
3
Let r(y) = y**2 + 4*y - 3. Let u be -8 + (0 - 3) + 6. What is the units digit of r(u)?
2
Let b = 416 + -278. What is the tens digit of b?
3
Let p(l) = 5*l**2 + 11*l + 8. Let i(x) = -4*x**2 + 4*x**2 + x**2. Let h(k) = 4*i(k) - p(k). What is the units digit of h(-9)?
0
What is the tens digit of -77*(24/21 + -2)?
6
Suppose 150 = 4*m + 2*m. What is the units digit of (m - 7)*3/2?
7
Let o = -1 - -28. What is the tens digit of o?
2
Suppose -3*r - 2*r = -15. Suppose 3*m = -5*g - 20, 3*g - 4 = 4*g + 2*m. Let i = r - g. What is the units digit of i?
7
Suppose 14 = 2*m + 6. What is the units digit of m?
4
Suppose -5*h = -b - 13, 2 - 14 = -3*h. Suppose x - 26 - b = 5*a, -3*x = -a - 85. What is the units digit of x?
8
Suppose 4*l - 4*b = -b + 14, 5*l + 3*b - 31 